ivisor of 25384 and 4495096?
152
Calculate the greatest common divisor of 288 and 1969568.
32
What is the greatest common divisor of 164177 and 1936389?
2249
What is the greatest common factor of 20232002 and 196?
98
What is the greatest common divisor of 2699576 and 2200?
88
What is the greatest common divisor of 1510572 and 144?
12
Calculate the highest common factor of 12133812 and 4944.
1236
Calculate the highest common factor of 3428193452 and 4.
4
Calculate the greatest common divisor of 2977200 and 1850.
50
Calculate the highest common factor of 1315 and 10930017.
263
What is the greatest common divisor of 2528 and 52509088?
2528
What is the greatest common divisor of 3733742948 and 11276?
11276
What is the highest common factor of 5966802 and 7686?
18
Calculate the highest common divisor of 59073 and 5576627.
679
What is the highest common divisor of 26553269 and 1?
1
Calculate the highest common factor of 140 and 138084212.
28
Calculate the greatest common divisor of 20617815 and 381.
381
Calculate the highest common divisor of 33772979 and 110132.
2503
Calculate the greatest common factor of 6134667 and 297.
33
Calculate the greatest common divisor of 2503479 and 144771.
3531
Calculate the highest common divisor of 75823958 and 14.
14
Calculate the greatest common factor of 24 and 4776897.
3
What is the highest common divisor of 9 and 128916639?
9
Calculate the highest common divisor of 8726 and 82290543.
4363
Calculate the greatest common factor of 3637788 and 1198274.
4774
What is the greatest common factor of 134 and 8385921?
67
Calculate the greatest common divisor of 811068 and 7896.
12
Calculate the highest common factor of 6678430 and 1671.
557
What is the highest common factor of 69328404 and 96?
12
Calculate the greatest common divisor of 25245360 and 78.
6
Calculate the greatest common factor of 1491 and 25920183.
213
What is the greatest common divisor of 715343156 and 3684?
1228
What is the greatest common factor of 43016 and 38168210?
566
Calculate the greatest common factor of 467577511 and 30196.
7549
Calculate the greatest common factor of 36936 and 1767.
57
Calculate the greatest common factor of 21950 and 2990.
10
Calculate the highest common factor of 6486541 and 239809.
5849
What is the highest common factor of 37493886 and 4110?
822
What is the greatest common divisor of 19726601 and 211?
211
Calculate the highest common factor of 423396 and 468540.
684
Calculate the highest common divisor of 313800 and 90600.
600
Calculate the highest common divisor of 5990886 and 661441.
4213
What is the highest common factor of 38016 and 1540296?
216
What is the greatest common divisor of 23462334 and 17052?
1218
Calculate the highest common factor of 112 and 52668798.
14
What is the greatest common divisor of 2872566 and 1044?
522
What is the highest common factor of 380032 and 496?
16
What is the highest common factor of 68808 and 642?
6
Calculate the greatest common factor of 1102673 and 2057.
121
Calculate the highest common factor of 308 and 26924828.
28
What is the greatest common factor of 741395 and 245?
5
Calculate the highest common factor of 432 and 43946496.
432
Calculate the highest common factor of 849123 and 1188.
297
Calculate the highest common divisor of 1408897 and 3528.
49
What is the greatest common factor of 1932 and 757758?
138
What is the greatest common factor of 1207017 and 587673?
3519
Calculate the greatest common divisor of 94658 and 190.
38
What is the greatest common divisor of 2383008925 and 1361?
1361
Calculate the greatest common divisor of 1047029 and 129743.
23
Calculate the highest common factor of 2106 and 5594580.
18
What is the greatest common factor of 3667598730 and 9990?
9990
Calculate the greatest common divisor of 10172130 and 120.
30
Calculate the greatest common divisor of 265251 and 28203.
357
What is the greatest common divisor of 29057 and 79172023?
4151
Calculate the greatest common divisor of 88 and 5329104.
88
What is the greatest common factor of 8484233 and 180881?
277
Calculate the greatest common factor of 423158 and 58474.
346
Calculate the greatest common factor of 8950 and 28550.
50
What is the greatest common factor of 574979 and 479207?
347
Calculate the highest common divisor of 83055534 and 72.
6
Calculate the greatest common divisor of 9 and 15244209.
9
What is the greatest common factor of 251927760 and 480?
240
Calculate the highest common factor of 8 and 46979368.
8
What is the highest common divisor of 636 and 13119?
3
Calculate the highest common divisor of 27360 and 19913672.
152
Calculate the highest common divisor of 10797344 and 12453.
593
What is the highest common factor of 1199222011 and 62?
31
Calculate the greatest common factor of 270 and 9910.
10
Calculate the highest common divisor of 305 and 6139505.
5
What is the highest common factor of 80 and 13532080?
80
Calculate the highest common divisor of 1123818071 and 8518.
4259
Calculate the greatest common divisor of 21438 and 82647.
27
What is the greatest common divisor of 2275 and 190671?
13
What is the highest common factor of 16760979 and 27?
27
What is the highest common divisor of 544008 and 551?
19
What is the highest common divisor of 45579151 and 18015?
1201
What is the highest common divisor of 110712 and 751044?
84
What is the highest common factor of 652782 and 6682?
26
What is the greatest common divisor of 26 and 64086607?
13
What is the highest common factor of 20 and 191110540?
20
What is the highest common factor of 13077 and 50449613?
1453
What is the highest common factor of 121095 and 98215?
65
What is the greatest common factor of 30903497 and 2635?
31
What is the greatest common factor of 126898026 and 348?
174
What is the greatest common factor of 8 and 229676?
4
Calculate the greatest common divisor of 480933 and 9.
9
Calculate the highest common divisor of 749367 and 5891250.
4713
Calculate the highest common factor of 587817 and 594459.
3321
What is the highest common divisor of 1503650 and 15950?
1450
Calculate the greatest common factor of 3921449 and 154.
7
What is the greatest common divisor of 1542 and 4518831?
771
What is the highest common divisor of 9190464 and 1472?
64
Calculate the greatest common divisor of 1143 and 17255490.
381
Calculate the greatest common factor of 11 and 18968917.
11
Calculate the highest common divisor of 30301 and 3134191.
157
What is the highest common divisor of 7448746 and 1466?
1466
Calculate the highest common factor of 212772075 and 150.
75
Calculate the greatest common divisor of 1026 and 3127818.
114
Calculate the greatest common factor of 22011 and 45936.
957
What is the greatest common divisor of 23110353 and 252?
63
What is the greatest common factor of 756 and 888924?
12
What is the greatest common divisor of 2997 and 1408923?
333
What is the highest common factor of 45430 and 2319290?
590
Calculate the highest common factor of 457642398 and 589.
589
What is the highest common divisor of 443409 and 183?
183
What is the highest common divisor of 3232 and 98272?
32
Calculate the highest common factor of 55 and 91632035.
55
What is the greatest common divisor of 17060 and 10427925?
4265
Calculate the highest common factor of 2498350 and 725.
725
What is the greatest common divisor of 7 and 652639806?
7
What is the greatest common divisor of 24604659 and 6?
3
What is the highest common divisor of 48 and 46183376?
16
What is the highest common factor of 775029890 and 1832?
458
Calculate the greatest common divisor of 491975 and 139542.
1789
Calculate the highest common divisor of 756 and 3939714.
18
What is the highest common factor of 4219488 and 49959?
819
Calculate the greatest common factor of 4823529 and 27642.
13821
Calculate the greatest common divisor of 4578 and 6941634.
42
Calculate the greatest common factor of 3560 and 15590.
10
Calculate the highest common factor of 4061 and 12087501.
131
What is the greatest common factor of 131564959 and 7352?
919
Calculate the highest common divisor of 1277 and 22157.
1
What is the greatest common divisor of 23 and 402316?
23
Calculate the highest common divisor of 1555459 and 107.
107
What is the greatest common divisor of 112214639 and 193?
193
Calculate the greatest common d